 be v(8). What are the prime factors of ((20/4)/15)/(y/(-786))?
131
Let l = -524 + 533. Suppose l*w - 8300 - 331 = 0. List the prime factors of w.
7, 137
Let r be 106/2 - (7 + -5 + -3). Suppose -52*n = -r*n + 94. List the prime factors of n.
47
Let i(c) = -6*c**3 - 11*c**2 - 49*c + 13. What are the prime factors of i(-14)?
43, 349
Let y = -271 - -341. Let c = y + -56. List the prime factors of c.
2, 7
Let y be (2 - 1) + 2 - 10. Let x be (-89)/(-7) - (3 - (-23)/y). Let r = 126 - x. What are the prime factors of r?
113
Let f = -1191 + 9067. What are the prime factors of f?
2, 11, 179
Suppose 6*i + i = -91. Suppose 54 = 8*l - 5*l. Let q = l + i. What are the prime factors of q?
5
What are the prime factors of (2 - -66516) + (4 - 5) + 9?
2, 29, 31, 37
Let x(j) be the second derivative of 5*j**3/3 + 12*j**2 - 72*j. List the prime factors of x(4).
2
Let d(t) = 8*t**2 + 52*t - 111. List the prime factors of d(-43).
5, 19, 131
Let i = -27 - -31. Suppose -k - 4*q + 266 = 0, 1004 = i*k - 2*q - 96. Suppose -4*f + k = 42. List the prime factors of f.
2, 29
Let f(d) = 0 - 4 - 2438*d - 3*d**3 - 8 + 0*d**2 - 9*d**2 + 2378*d. List the prime factors of f(-6).
2, 3, 7
Let p = -1010 + -317. Let d = p - -1957. What are the prime factors of d?
2, 3, 5, 7
Let i(u) = 929*u - 19. Let s be i(3). Let o = s + -1316. What are the prime factors of o?
2, 3, 11
Suppose 565*k = 567*k - 33026. What are the prime factors of k?
7, 337
Suppose 4*m + 6852 = 4*d + 28380, 0 = -4*m + d + 21513. List the prime factors of m.
19, 283
Suppose 4014 = 7*p - 12450. Suppose -5*q = -2*j + 1303, -4*q = 3*j - p + 455. What are the prime factors of j?
3, 71
Let v(x) = -101*x + 70. Let h be v(-14). Suppose -h = -4*g + 4*r, g - 13 = -4*r + 343. List the prime factors of g.
2, 23
Let v(l) = 77*l - 147. Let d be v(3). What are the prime factors of (-5838)/d*(-3 + -1)?
2, 139
Suppose -21*u - 32*u + 8*u + 4050270 = 0. List the prime factors of u.
2, 3, 7, 2143
Let p = 5629 + -4108. What are the prime factors of p?
3, 13
Suppose -p + 47 = -2*d + 16, -d - 173 = -5*p. Suppose -p*t + 29155 = -910. List the prime factors of t.
859
Suppose 33227 = -15*i + 535682. List the prime factors of i.
19, 41, 43
Let w(v) = 24*v**3 + 7*v**2 - 56*v + 229. List the prime factors of w(5).
2, 11, 71
Let n(l) be the second derivative of 13*l**4/12 - 5*l**3/3 + 7*l**2 + 3*l + 16. What are the prime factors of n(6)?
2, 211
Let l = 18376 + -11590. What are the prime factors of l?
2, 3, 13, 29
Let c be 722 + (-5 + 7)*2. Let y(t) = -2*t. Let l be y(-3). Suppose l*o = 17*o - c. What are the prime factors of o?
2, 3, 11
Let x(w) = -w**2 - 10*w + 17. Suppose 2*n - 2*p + 87 = -61, n + 3*p + 82 = 0. Let f = -83 - n. What are the prime factors of x(f)?
2, 19
Let a = 75188 + -45075. List the prime factors of a.
30113
Suppose -b - 2*g + 12 = 0, 5*b - 3*g = 3 + 5. Suppose b*p + 4*u = 1472, 913 = 2*p + u + 182. List the prime factors of p.
3, 11
Suppose 0 = -6*v + 11*v - 35. Suppose -v*k = -k - 1686. List the prime factors of k.
281
Suppose 112230 - 508621 = -34*s + 244509. List the prime factors of s.
2, 5, 13, 29
Let q(t) = -t**2 - 20*t - 16. Let a be q(-13). What are the prime factors of 25/a + (-2662)/(-6) + -2?
2, 13, 17
Let s(r) = -2522*r - 2512. List the prime factors of s(-14).
2, 3, 911
Let a = 81 + -67. Let g(i) = 65*i - 151. What are the prime factors of g(a)?
3, 11, 23
Suppose -5*j - 3*p + 51130 = 0, 4*j - 37778 = -p + 3126. What are the prime factors of j?
2, 5113
Suppose 53*q - 231128 = 53959. What are the prime factors of q?
3, 11, 163
Let x = -49007 - -69853. List the prime factors of x.
2, 7, 1489
Let s = 250 + 352. Let o = 4326 - s. What are the prime factors of (o/(-42))/(4/(-6))?
7, 19
Let n(z) = -9*z**3 - 8*z**2 - 66*z - 27. List the prime factors of n(-5).
2, 307
Let b(d) = -1 + 4 + 13*d - 14 - 10 + d**3 - 3*d**3 + 18*d**2. List the prime factors of b(9).
2, 3
Let z = 77 - 287. Let l = 443 + z. What are the prime factors of l?
233
Let n be 1/(-4) + 7503/12. Suppose 2*t - t = n. Suppose 11*d = 6*d + t. What are the prime factors of d?
5
Suppose 0*y - 1 = y. List the prime factors of 519 + (-4 - 4/y).
3, 173
Suppose 21*m - 12748 = 19*m + 2*d, d = 2*m - 12748. List the prime factors of m.
2, 3187
Let b(m) be the first derivative of 2*m**3/3 - 3*m**2/2 + 17*m + 12. What are the prime factors of b(-6)?
107
List the prime factors of 8/18*3 - 148232/(-21).
2, 5, 353
Let s(j) be the second derivative of -j**5/20 + 5*j**4/3 + 4*j**3/3 - 12*j**2 + 10*j. Let g be (8 - (-2 - -7)) + 1*17. What are the prime factors of s(g)?
2, 17
Let c(q) = 2*q**2 + 17 - 11*q**3 + 16 - 32. Let v be c(-2). Suppose -4*m = 12, -4*m = -l - 13 + v. List the prime factors of l.
2, 3
List the prime factors of (77/22 + 5)/(14/25508).
17, 911
Suppose 7*d + 6968 = 20*d. Let g = d - 337. What are the prime factors of g?
199
Suppose -4*o - 3*o + 24*o = 71026. List the prime factors of o.
2, 2089
Let x = -1277 - -2079. Let q = x + -274. List the prime factors of q.
2, 3, 11
Suppose 15 = 5*w - 5*r, 6 = w + 22*r - 24*r. Suppose -2*j - 440 - 1154 = -2*d, -4*d - 3*j + 3153 = w. What are the prime factors of d?
2, 3, 11
Suppose 0 = y - 2*c - 18695, 0 = -3*y + 5*c + 68084 - 11994. What are the prime factors of y?
3, 5, 29, 43
Suppose 750208 + 324810 = 87*d + 142204. What are the prime factors of d?
2, 3, 1787
Let p(i) = 10*i**3 - 4*i**2 + 6*i - 3. Let s be (6/(-7))/(198/(-924)). What are the prime factors of p(s)?
3, 199
Suppose 0 = 7*g - 17*g - 0*g + 71600. What are the prime factors of g?
2, 5, 179
Let u(q) = q**3 - 9*q**2 + 3*q + 19. Let o be 2 + ((-17)/(-2))/((-2)/(-4)). Suppose 8*h + 110 = o*h. What are the prime factors of u(h)?
149
Let y(k) = k**2 - 34*k + 30. Let w be y(-26). Suppose -3985 = -5*a - 5*d, 2*a - 2*d + 5*d = w. What are the prime factors of a?
3, 89
Suppose -26*s = -30*s + 5*t + 17715, -4*t - 22146 = -5*s. List the prime factors of s.
2, 5, 443
Let k be 0 - (-2 - -6 - 6). Suppose -5*y + 0*y + k*o + 3 = 0, -y = -o. What are the prime factors of 93*-2*y/(-2)?
3, 31
Let u = 49 + -31. Suppose -u = -l + 80. Suppose 469 + l = 7*n. List the prime factors of n.
3
Let d be (4/12)/((-34)/(-18) - 2). Let s be (d - (-35)/15)*-3. Suppose x - s*n + 612 = 5*x, 0 = -2*x - 3*n + 302. What are the prime factors of x?
2, 7, 11
Let s(y) = -613*y + 3124. What are the prime factors of s(-13)?
11093
Let k(h) = -3*h**3 - 8*h**2 + 13*h + 7. Let o be k(-4). Let a(i) = 66*i + 460. List the prime factors of a(o).
2, 857
Let i be (3 + -4 + 1)/(-1). Let c(g) = -g. Let n be c(4). List the prime factors of n + i - 126/(-2).
59
Suppose -14*q + 6 = -13*q. Suppose 6020 = q*c + c. List the prime factors of c.
2, 5, 43
Suppose -5*z - 8*d + 185107 = -10*d, -4*d = -5*z + 185119. List the prime factors of z.
37019
Suppose -23*a + 8514 + 44846 = 0. Suppose -2*u = 6*u - a. What are the prime factors of u?
2, 5, 29
Let q(m) = 6*m + 36. Let k be ((1 - -1) + 3)/(-1*1). Let t be q(k). What are the prime factors of (-4)/t*2304/(-8)?
2, 3
Let l = -148 + 151. Suppose -l*z - 4004 = -17*z. List the prime factors of z.
2, 11, 13
Let r = 11419 + -9407. What are the prime factors of r?
2, 503
What are the prime factors of (32600364/3354)/((-4)/(-26))?
63179
Suppose -4*u - 3*y = -5*y + 2, 5*u - 5*y = -15. Let b = -72 - -74. Suppose -b*w + 196 = -3*k, -492 - 9 = -5*w + u*k. What are the prime factors of w?
101
Suppose -2*b = 4*u - 1698, -1998 - 2283 = -5*b - u. Let q = b + -458. What are the prime factors of q?
3, 7, 19
Let z be 12/(-6)*-12 + (0 - -2). Suppose 0 = -24*b + z*b - 20. List the prime factors of ((-1111)/(-5) - 2/b) + -3.
3, 73
Let j be (38/6)/(4/(-144)). Let v be 348 + 2/9 + j/54. Suppose 341 = 5*l - v. List the prime factors of l.
137
Suppose 4*z = -3*f + 8*f + 149, -4*f - 111 = 5*z. Let v = 199 - 134. Let g = v + f. List the prime factors of g.
2, 3
Let q(o) = o - 4. Let k be q(6). Let x be k/12*2 + (-1532)/(-12). Suppose 6*z = 364 + x. List the prime factors of z.
2, 41
Let a(l) = 100*l**2 - 85*l + 1975. What are the prime factors of a(22)?
5, 89, 109
Suppose 0 = -0*k - 8*k + 24. Suppose 3 = k*p, -2*o + 0*p + 7 = -5*p. What are the prime factors of o?
2, 3
List the prime factors of (-7 + -1)*298766/(-104).
2, 11491
Suppose -3*u + 20 = 5*s, 3*s - 5*u + 6*u - 12 = 0. Suppose -o 